{"id":78,"date":"2019-01-31T22:52:56","date_gmt":"2019-01-31T21:52:56","guid":{"rendered":"https:\/\/plavnica.fara.sk\/?page_id=78"},"modified":"2024-11-23T17:18:43","modified_gmt":"2024-11-23T16:18:43","slug":"ruzencove-bratstvo","status":"publish","type":"page","link":"https:\/\/plavnica.fara.sk\/?page_id=78","title":{"rendered":"Ru\u017eencov\u00e9 bratstvo"},"content":{"rendered":"\n<blockquote class=\"wp-block-quote is-layout-flow wp-block-quote-is-layout-flow\"><p><em>,,Ru\u017eenec je \u0161kola modlitby, ru\u017eenec je \u0161kola viery.&#8220;<\/em><\/p><p>Sv. Otec Frati\u0161ek<\/p><\/blockquote>\n\n\n\n<p style=\"text-align: justify\">Ru\u017eencov\u00e9 bratstvo je zdru\u017eenie duchovne zjednoten\u00fdch veriacich, ktor\u00ed uctievaj\u00fa Preblahoslaven\u00fa Pannu M\u00e1riu a modlitbou posv\u00e4tn\u00e9ho ru\u017eenca vyprosuj\u00fa pre seba, cirkev a svet potrebn\u00e9 milosti a sna\u017eia sa o neust\u00e1ly pokrok v kres\u0165anskej dokonalosti.<\/p>\n\n\n\n<p style=\"text-align: justify\"> Panna M\u00e1ria dala pr\u00eds\u013euby pre t\u00fdch, \u010do sa bud\u00fa modli\u0165 ru\u017eenec:<\/p>\n\n\n\n<p>\n<ol>\n<li>V\u0161etk\u00fdm, ktor\u00ed sa bud\u00fa zbo\u017ene modli\u0165 m\u00f4j ru\u017eenec, s\u013eubujem svoju zvl\u00e1\u0161tnu ochranu a hojnos\u0165 milost\u00ed.<\/li>\n<li>T\u00ed, ktor\u00ed v modlitbe ru\u017eenca vytrvaj\u00fa, dostan\u00fa zvl\u00e1\u0161tnu milos\u0165.<\/li>\n<li>Ru\u017eenec bude mocnou ochranou proti peklu, zni\u010d\u00ed zlo, zbav\u00ed svet hriechu a za\u017eenie blud<\/li>\n<li>Ru\u017eenec rozhojn\u00ed \u010dnos\u0165 a obsiahne pre du\u0161e hojn\u00e9 Bo\u017eie milosrdenstvo. Odvr\u00e1ti srdcia \u013eud\u00ed od l\u00e1sky k svetu a jeho m\u00e1rnost\u00ed a pozdvihne ich k t\u00fa\u017ebe po ve\u010dn\u00fdch veciach. Tie du\u0161e sa posv\u00e4tia t\u00fdmto prostriedkom.<\/li>\n<li>T\u00ed, \u010do sa mi odovzdaj\u00fa cez ru\u017eenec, nezahyn\u00fa.<\/li>\n<li>Toho, kto bude zbo\u017ene recitova\u0165 m\u00f4j ru\u017eenec, uva\u017euj\u00fac nad tajomstvami, nikdy neprem\u00f4\u017ee ne\u0161\u0165astie, neza\u017eije Bo\u017e\u00ed hnev a nezomrie n\u00e1hlou smr\u0165ou. Hrie\u0161nik sa obr\u00e1ti, vytrv\u00e1 v milosti a zasl\u00fa\u017ei si ve\u010dn\u00fd \u017eivot.<\/li>\n<li>Kto sa zasv\u00e4t\u00ed m\u00f4jmu ru\u017eencu, nezomrie bez sviatost\u00ed Cirkvi.<\/li>\n<li>T\u00ed, \u010do bud\u00fa verne recitova\u0165 m\u00f4j ru\u017eenec, bud\u00fa po\u010das svojho \u017eivota a po smrti \u00fa\u010dastn\u00ed Bo\u017eieho svetla a plnosti jeho milost\u00ed, vlastn\u00fdch sv\u00e4t\u00fdm.<\/li>\n<li>Ihne\u010f vyvediem z o\u010distca du\u0161e zasv\u00e4ten\u00e9 m\u00f4jmu ru\u017eencu.<\/li>\n<li>Deti m\u00f4jho ru\u017eenca sa bud\u00fa te\u0161i\u0165 ve\u013ekej sl\u00e1ve v nebi.<\/li>\n<li>\u010co bude\u0161 \u017eiada\u0165 prostredn\u00edctvom ru\u017eenca, dosiahne\u0161.<\/li>\n<li>T\u00fdm, ktor\u00ed bud\u00fa \u0161\u00edri\u0165 m\u00f4j ru\u017eenec, s\u013eubujem pomoc vo v\u0161etk\u00fdch ich potreb\u00e1ch.<\/li>\n<li>Dosiahla som od svojho Syna, \u017ee v\u0161etci \u010dlenovia Ru\u017eencov\u00e9ho bratstva bud\u00fa ma\u0165 svojich orodovn\u00edkov v \u017eivote a v smrti, cel\u00fd nebesk\u00fd dvor.<\/li>\n<li>T\u00ed, ktor\u00ed sa zbo\u017ene modlia m\u00f4j ru\u017eenec, s\u00fa moje milovan\u00e9 deti, bratia a sestry Je\u017ei\u0161a Krista.<\/li>\n<li>Zasv\u00e4tenie sa m\u00f4jmu ru\u017eencu je zvl\u00e1\u0161tne znamenie predur\u010denia.<\/li>\n<\/ol>\n<\/p>\n\n\n\n<h2 class=\"wp-block-heading\"><strong>Horlitelia<\/strong><\/h2>\n\n\n\n<p>\n<ol>\n<li>Rybovi\u010d \u0160tefan &#8211; Plavnica \u010d.24<\/li>\n<li>Doktor Benedikt &#8211; Plavnica \u010d. 44<\/li>\n<li>Ing. Knap\u00edk J\u00e1n &#8211; Plavnica \u010d. 117<\/li>\n<li>Soleck\u00fd J\u00e1n &#8211; Plavnica \u010d. 329<\/li>\n<li>\u0160tup\u00e1k Vlastimil &#8211; Plavnica \u010d. 261<\/li>\n<\/ol>\n<\/p>\n\n\n\n<h2 class=\"wp-block-heading\"><strong>Horlite\u013eky<\/strong><\/h2>\n\n\n\n<p>\n<ol>\n<li>Folt\u00ednov\u00e1 M\u00e1ria- Plavnica \u010d.421<\/li>\n<li>Plavnick\u00e1 Iveta &#8211; Plavnica \u010d. 416<\/li>\n<li>\u010cubov\u00e1 Anna &#8211; Plavnica \u010d. 241<\/li>\n<li>Bodn\u00e1rov\u00e1 M\u00e1ria &#8211; Plavnica \u010d. 365<\/li>\n<li>Prist\u00e1\u010dov\u00e1 Anna &#8211; Plavnica \u010d. 81<\/li>\n<li>Sekelsk\u00e1 Helena &#8211; Plavnica \u010d. 406<\/li>\n<li>Pavl\u00edkov\u00e1 Em\u00edlia &#8211; Plavnica \u010d. 60<\/li>\n<li>Fedorkov\u00e1 Katar\u00edna &#8211; Plavnica \u010d. 144<\/li>\n<li>Cincu\u013eov\u00e1 Agnesa &#8211; Plavnica \u010d. 72<\/li>\n<li>Majern\u00ed\u010dkov\u00e1 Janka &#8211; Plavnica \u010d. 242<\/li>\n<li>Rindo\u0161ov\u00e1 Irena &#8211; Plavnica \u010d. 6<\/li>\n<li>Van\u010dov\u00e1 Al\u017ebeta &#8211; Plavnica \u010d. 21<\/li>\n<li>Jani\u010dkov\u00e1 M\u00e1ria &#8211; Plavnica \u010d. 177<\/li>\n<li>Ky\u0161e\u013eov\u00e1 Anna &#8211; Plavnica \u010d. 368<\/li>\n<\/ol>\n<\/p>\n\n\n\n<figure class=\"wp-block-image size-large\"><img loading=\"lazy\" decoding=\"async\" width=\"736\" height=\"1024\" src=\"https:\/\/plavnica.fara.sk\/wp-content\/uploads\/2024\/11\/r_nedela_2025-736x1024.jpeg\" alt=\"\" class=\"wp-image-2266\" srcset=\"https:\/\/plavnica.fara.sk\/wp-content\/uploads\/2024\/11\/r_nedela_2025-736x1024.jpeg 736w, https:\/\/plavnica.fara.sk\/wp-content\/uploads\/2024\/11\/r_nedela_2025-216x300.jpeg 216w, https:\/\/plavnica.fara.sk\/wp-content\/uploads\/2024\/11\/r_nedela_2025-768x1068.jpeg 768w, https:\/\/plavnica.fara.sk\/wp-content\/uploads\/2024\/11\/r_nedela_2025-1104x1536.jpeg 1104w, https:\/\/plavnica.fara.sk\/wp-content\/uploads\/2024\/11\/r_nedela_2025-1472x2048.jpeg 1472w, https:\/\/plavnica.fara.sk\/wp-content\/uploads\/2024\/11\/r_nedela_2025-scaled.jpeg 1840w\" sizes=\"auto, (max-width: 736px) 100vw, 736px\" \/><\/figure>\n\n\n\n<figure class=\"wp-block-image size-large\"><img loading=\"lazy\" decoding=\"async\" width=\"677\" height=\"1024\" src=\"https:\/\/plavnica.fara.sk\/wp-content\/uploads\/2024\/11\/r_2025-677x1024.jpeg\" alt=\"\" class=\"wp-image-2267\" srcset=\"https:\/\/plavnica.fara.sk\/wp-content\/uploads\/2024\/11\/r_2025-677x1024.jpeg 677w, https:\/\/plavnica.fara.sk\/wp-content\/uploads\/2024\/11\/r_2025-198x300.jpeg 198w, https:\/\/plavnica.fara.sk\/wp-content\/uploads\/2024\/11\/r_2025-768x1162.jpeg 768w, https:\/\/plavnica.fara.sk\/wp-content\/uploads\/2024\/11\/r_2025-1015x1536.jpeg 1015w, https:\/\/plavnica.fara.sk\/wp-content\/uploads\/2024\/11\/r_2025-1354x2048.jpeg 1354w, https:\/\/plavnica.fara.sk\/wp-content\/uploads\/2024\/11\/r_2025-scaled.jpeg 1692w\" sizes=\"auto, (max-width: 677px) 100vw, 677px\" \/><\/figure>\n","protected":false},"excerpt":{"rendered":"<p>,,Ru\u017eenec je \u0161kola modlitby, ru\u017eenec je \u0161kola viery.&#8220; Sv. Otec Frati\u0161ek Ru\u017eencov\u00e9 bratstvo je zdru\u017eenie duchovne zjednoten\u00fdch veriacich, ktor\u00ed uctievaj\u00fa [&hellip;]<\/p>\n","protected":false},"author":1,"featured_media":0,"parent":28,"menu_order":0,"comment_status":"closed","ping_status":"closed","template":"","meta":{"footnotes":""},"class_list":["post-78","page","type-page","status-publish","hentry"],"_links":{"self":[{"href":"https:\/\/plavnica.fara.sk\/index.php?rest_route=\/wp\/v2\/pages\/78","targetHints":{"allow":["GET"]}}],"collection":[{"href":"https:\/\/plavnica.fara.sk\/index.php?rest_route=\/wp\/v2\/pages"}],"about":[{"href":"https:\/\/plavnica.fara.sk\/index.php?rest_route=\/wp\/v2\/types\/page"}],"author":[{"embeddable":true,"href":"https:\/\/plavnica.fara.sk\/index.php?rest_route=\/wp\/v2\/users\/1"}],"replies":[{"embeddable":true,"href":"https:\/\/plavnica.fara.sk\/index.php?rest_route=%2Fwp%2Fv2%2Fcomments&post=78"}],"version-history":[{"count":18,"href":"https:\/\/plavnica.fara.sk\/index.php?rest_route=\/wp\/v2\/pages\/78\/revisions"}],"predecessor-version":[{"id":2270,"href":"https:\/\/plavnica.fara.sk\/index.php?rest_route=\/wp\/v2\/pages\/78\/revisions\/2270"}],"up":[{"embeddable":true,"href":"https:\/\/plavnica.fara.sk\/index.php?rest_route=\/wp\/v2\/pages\/28"}],"wp:attachment":[{"href":"https:\/\/plavnica.fara.sk\/index.php?rest_route=%2Fwp%2Fv2%2Fmedia&parent=78"}],"curies":[{"name":"wp","href":"https:\/\/api.w.org\/{rel}","templated":true}]}}